{"id":909,"date":"2024-02-04T14:44:57","date_gmt":"2024-02-04T14:44:57","guid":{"rendered":"https:\/\/quimicaquantum.com\/?page_id=909"},"modified":"2024-02-07T01:32:53","modified_gmt":"2024-02-07T01:32:53","slug":"se-distribuidor","status":"publish","type":"page","link":"https:\/\/quimicaquantum.com\/?page_id=909","title":{"rendered":"Se Distribuidor"},"content":{"rendered":"\n<h1 class=\"wp-block-heading has-text-align-center\">\u00bfPor qu\u00e9 ser distribuidor Quantum?<\/h1>\n\n\n\n<p class=\"has-text-align-center\"><strong>Unirte como distribuidor de Quantum significa formar parte de una comunidad comprometida con la excelencia, la innovaci\u00f3n y el \u00e9xito a corto plazo.<\/strong><\/p>\n\n\n\n<div class=\"wp-block-buttons is-content-justification-center is-layout-flex wp-container-core-buttons-layout-1 wp-block-buttons-is-layout-flex\">\n<div class=\"wp-block-button has-custom-font-size is-style-fill has-medium-font-size\"><a class=\"wp-block-button__link has-vivid-cyan-blue-background-color has-background has-text-align-center wp-element-button\" style=\"border-radius:25px\">Solicita informes<\/a><\/div>\n<\/div>\n\n\n\n<h2 class=\"wp-block-heading has-text-align-center\">\u00a1Algunos beneficios para nuestros distribuidores!<\/h2>\n\n\n\n<div class=\"wp-block-buttons is-layout-flex wp-block-buttons-is-layout-flex\"><\/div>\n\n\n\n<hr class=\"wp-block-separator has-alpha-channel-opacity\"\/>\n\n\n\n<div class=\"wp-block-columns is-layout-flex wp-container-core-columns-layout-1 wp-block-columns-is-layout-flex\">\n<div class=\"wp-block-column is-layout-flow wp-block-column-is-layout-flow\"><div class=\"wp-block-image is-style-rounded\">\n<figure class=\"aligncenter size-full\"><img loading=\"lazy\" decoding=\"async\" width=\"168\" height=\"168\" src=\"http:\/\/quimicaquantum.com\/wp-content\/uploads\/2024\/02\/ico-pesos-s.png\" alt=\"\" class=\"wp-image-1020\"\/><\/figure><\/div>\n\n\n<h5 class=\"wp-block-heading has-text-align-center\">> INGRESOS<\/h5>\n\n\n\n<blockquote class=\"wp-block-quote has-text-align-center\">\n<p class=\"has-text-align-center has-small-font-size\"><strong>Compartimos mayores ingresos con altos m\u00e1rgenes de ganancia competitivos, no solo proporcionamos productos de alta calidad, sino tambi\u00e9n beneficios sustanciales.<\/strong><\/p>\n<cite>QUANTUM<\/cite><\/blockquote>\n<\/div>\n\n\n\n<div class=\"wp-block-column is-layout-flow wp-block-column-is-layout-flow\"><div class=\"wp-block-image is-style-rounded\">\n<figure class=\"aligncenter size-full\"><img loading=\"lazy\" decoding=\"async\" width=\"168\" height=\"168\" src=\"http:\/\/quimicaquantum.com\/wp-content\/uploads\/2024\/02\/ico-crecer-s.png\" alt=\"\" class=\"wp-image-1024\"\/><\/figure><\/div>\n\n\n<h5 class=\"wp-block-heading has-text-align-center\">QUEREMOS QUE CREZCAS<\/h5>\n\n\n\n<blockquote class=\"wp-block-quote has-text-align-center\">\n<p class=\"has-text-align-center has-small-font-size\"><strong>Buscamos crear un negocio sustentable a largo plazo, convirti\u00e9ndote en parte de nuestros planes de crecimiento.<\/strong><\/p>\n<cite>QUANTUM<\/cite><\/blockquote>\n<\/div>\n\n\n\n<div class=\"wp-block-column is-layout-flow wp-block-column-is-layout-flow\"><div class=\"wp-block-image is-style-rounded\">\n<figure class=\"aligncenter size-full is-resized\"><img loading=\"lazy\" decoding=\"async\" width=\"221\" height=\"221\" src=\"http:\/\/quimicaquantum.com\/wp-content\/uploads\/2024\/02\/ico-unir-s.png\" alt=\"\" class=\"wp-image-1029\" style=\"width:165px;height:auto\"\/><\/figure><\/div>\n\n\n<h5 class=\"wp-block-heading has-text-align-center\">EXCLUSIVIDAD TERRITORIAL<\/h5>\n\n\n\n<blockquote class=\"wp-block-quote has-text-align-center\">\n<p class=\"has-text-align-center has-small-font-size\"><strong>Brindamos a los distribuidores la oportunidad de ser los \u00fanicos proveedores de Quantum en una regi\u00f3n espec\u00edfica, fortaleciendo as\u00ed su posici\u00f3n en el mercado local<\/strong><\/p>\n<cite>QUANTUM<\/cite><\/blockquote>\n<\/div>\n<\/div>\n\n\n\n<div class=\"wp-block-buttons is-content-justification-center is-layout-flex wp-container-core-buttons-layout-3 wp-block-buttons-is-layout-flex\">\n<div class=\"wp-block-button has-custom-font-size has-medium-font-size\"><a class=\"wp-block-button__link has-luminous-vivid-amber-background-color has-background has-text-align-center wp-element-button\" style=\"border-radius:25px\">Solicita Informes<\/a><\/div>\n<\/div>\n","protected":false},"excerpt":{"rendered":"<p>\u00bfPor qu\u00e9 ser distribuidor Quantum? Unirte como distribuidor de Quantum significa formar parte de una comunidad comprometida con la excelencia, la innovaci\u00f3n y el \u00e9xito a corto plazo. \u00a1Algunos beneficios para nuestros distribuidores! > INGRESOS Compartimos mayores ingresos con altos m\u00e1rgenes de ganancia competitivos, no solo proporcionamos productos de alta calidad, sino tambi\u00e9n beneficios sustanciales.&hellip; <br \/> <a class=\"read-more\" href=\"https:\/\/quimicaquantum.com\/?page_id=909\">Read more<\/a><\/p>\n","protected":false},"author":1,"featured_media":1054,"parent":0,"menu_order":0,"comment_status":"closed","ping_status":"closed","template":"","meta":{"footnotes":""},"_links":{"self":[{"href":"https:\/\/quimicaquantum.com\/index.php?rest_route=\/wp\/v2\/pages\/909"}],"collection":[{"href":"https:\/\/quimicaquantum.com\/index.php?rest_route=\/wp\/v2\/pages"}],"about":[{"href":"https:\/\/quimicaquantum.com\/index.php?rest_route=\/wp\/v2\/types\/page"}],"author":[{"embeddable":true,"href":"https:\/\/quimicaquantum.com\/index.php?rest_route=\/wp\/v2\/users\/1"}],"replies":[{"embeddable":true,"href":"https:\/\/quimicaquantum.com\/index.php?rest_route=%2Fwp%2Fv2%2Fcomments&post=909"}],"version-history":[{"count":22,"href":"https:\/\/quimicaquantum.com\/index.php?rest_route=\/wp\/v2\/pages\/909\/revisions"}],"predecessor-version":[{"id":1075,"href":"https:\/\/quimicaquantum.com\/index.php?rest_route=\/wp\/v2\/pages\/909\/revisions\/1075"}],"wp:featuredmedia":[{"embeddable":true,"href":"https:\/\/quimicaquantum.com\/index.php?rest_route=\/wp\/v2\/media\/1054"}],"wp:attachment":[{"href":"https:\/\/quimicaquantum.com\/index.php?rest_route=%2Fwp%2Fv2%2Fmedia&parent=909"}],"curies":[{"name":"wp","href":"https:\/\/api.w.org\/{rel}","templated":true}]}}